hen 215 is divided by 48.
23
What is the remainder when 2540 is divided by 170?
160
What is the remainder when 322 is divided by 100?
22
What is the remainder when 150 is divided by 52?
46
What is the remainder when 346 is divided by 175?
171
Calculate the remainder when 717 is divided by 30.
27
Calculate the remainder when 195 is divided by 35.
20
Calculate the remainder when 7394 is divided by 17.
16
What is the remainder when 305 is divided by 66?
41
What is the remainder when 2197 is divided by 50?
47
Calculate the remainder when 2952 is divided by 7.
5
Calculate the remainder when 845 is divided by 35.
5
What is the remainder when 79 is divided by 10?
9
Calculate the remainder when 220 is divided by 12.
4
Calculate the remainder when 1156 is divided by 376.
28
What is the remainder when 874 is divided by 52?
42
Calculate the remainder when 495 is divided by 24.
15
What is the remainder when 274 is divided by 25?
24
Calculate the remainder when 871 is divided by 38.
35
What is the remainder when 137 is divided by 126?
11
Calculate the remainder when 26 is divided by 25.
1
What is the remainder when 211 is divided by 63?
22
Calculate the remainder when 52 is divided by 18.
16
Calculate the remainder when 621 is divided by 53.
38
Calculate the remainder when 1719 is divided by 20.
19
Calculate the remainder when 14 is divided by 8.
6
Calculate the remainder when 3596 is divided by 16.
12
What is the remainder when 610 is divided by 124?
114
What is the remainder when 167 is divided by 56?
55
What is the remainder when 263 is divided by 24?
23
Calculate the remainder when 1423 is divided by 110.
103
What is the remainder when 4 is divided by 1?
0
What is the remainder when 51 is divided by 30?
21
What is the remainder when 1122 is divided by 86?
4
Calculate the remainder when 752 is divided by 13.
11
Calculate the remainder when 662 is divided by 328.
6
Calculate the remainder when 158 is divided by 50.
8
What is the remainder when 819 is divided by 82?
81
Calculate the remainder when 266 is divided by 10.
6
What is the remainder when 39 is divided by 10?
9
Calculate the remainder when 2708 is divided by 129.
128
What is the remainder when 380 is divided by 8?
4
Calculate the remainder when 1413 is divided by 43.
37
What is the remainder when 939 is divided by 24?
3
What is the remainder when 8 is divided by 6?
2
Calculate the remainder when 1588 is divided by 10.
8
Calculate the remainder when 28 is divided by 27.
1
What is the remainder when 316 is divided by 17?
10
What is the remainder when 580 is divided by 8?
4
Calculate the remainder when 303 is divided by 4.
3
What is the remainder when 1133 is divided by 10?
3
What is the remainder when 89 is divided by 9?
8
What is the remainder when 163 is divided by 60?
43
What is the remainder when 42990 is divided by 74?
70
What is the remainder when 924 is divided by 31?
25
What is the remainder when 303 is divided by 18?
15
Calculate the remainder when 34 is divided by 15.
4
What is the remainder when 313 is divided by 155?
3
What is the remainder when 80 is divided by 29?
22
What is the remainder when 952 is divided by 208?
120
Calculate the remainder when 3700 is divided by 616.
4
Calculate the remainder when 2043 is divided by 89.
85
What is the remainder when 7273 is divided by 107?
104
What is the remainder when 100 is divided by 40?
20
Calculate the remainder when 5301 is divided by 136.
133
What is the remainder when 518 is divided by 242?
34
What is the remainder when 310 is divided by 26?
24
What is the remainder when 362 is divided by 123?
116
Calculate the remainder when 7725 is divided by 92.
89
Calculate the remainder when 10316 is divided by 19.
18
Calculate the remainder when 746 is divided by 48.
26
What is the remainder when 306 is divided by 2?
0
Calculate the remainder when 4565 is divided by 2280.
5
What is the remainder when 9707 is divided by 39?
35
Calculate the remainder when 121 is divided by 38.
7
What is the remainder when 435 is divided by 11?
6
Calculate the remainder when 350 is divided by 15.
5
What is the remainder when 174 is divided by 91?
83
Calculate the remainder when 51 is divided by 15.
6
Calculate the remainder when 222 is divided by 18.
6
What is the remainder when 2165 is divided by 539?
9
What is the remainder when 328 is divided by 54?
4
What is the remainder when 246 is divided by 62?
60
Calculate the remainder when 225 is divided by 69.
18
Calculate the remainder when 6737 is divided by 2240.
17
What is the remainder when 5079 is divided by 121?
118
Calculate the remainder when 281 is divided by 56.
1
What is the remainder when 1853 is divided by 25?
3
What is the remainder when 392 is divided by 106?
74
What is the remainder when 207 is divided by 10?
7
What is the remainder when 707 is divided by 71?
68
Calculate the remainder when 549 is divided by 44.
21
What is the remainder when 212 is divided by 40?
12
What is the remainder when 97 is divided by 42?
13
Calculate the remainder when 2635 is divided by 1311.
13
What is the remainder when 271 is divided by 98?
75
Calculate the remainder when 1616 is divided by 33.
32
Calculate the remainder when 375 is divided by 76.
71
Calculate the remainder when 1167 is divided by 90.
87
What is the remainder when 217 is divided by 84?
49
Calculate the remainder when 355 is divided by 66.
25
Calculate the remainder when 94 is divided by 34.
26
What is the remainder when 217 is divided by 130?
87
What is the remainder when 642 is divided by 193?
63
What is the remainder when 345 is divided by 66?
15
Calculate the remainder when 2412 is divided by 34.
32
Calculate the remainder when 3173 is divided by 88.
5
What is the remainder when 74 is divided by 28?
18
Calculate the remainder when 92 is divided by 7.
1
Calculate the remainder when 6517 is divided by 2164.
25
What is the remainder when 2079 is divided by 2072?
7
What is the remainder when 4707 is divided by 941?
2
Calculate the remainder when 793 is divided by 114.
109
What is the remainder when 416 is divided by 60?
56
Calculate the remainder when 308 is divided by 12.
8
Calculate the remainder when 452 is divided by 106.
28
Calculate the remainder when 1752 is divided by 51.
18
What is the remainder when 68 is divided by 42?
26
Calculate the remainder when 103 is divided by 22.
15
What is the remainder when 3005 is divided by 16?
13
What is the remainder when 765 is divided by 254?
3
What is the remainder when 6732 is divided by 15?
12
What is the remainder when 386 is divided by 43?
42
Calculate the remainder when 40 is divided by 11.
7
What is the remainder when 428 is divided by 212?
4
Calculate the remainder when 1533 is divided by 32.
29
What is the remainder when 215 is divided by 20?
15
Calculate the remainder when 1985 is divided by 84.
53
Calculate the remainder when 183 is divided by 31.
28
Calculate the remainder when 4712 is divided by 41.
38
What is the remainder when 42165 is divided by 21?
18
Calculate the remainder when 25 is divided by 2.
1
What is the remainder when 9017 is divided by 164?
161
What is the remainder when 122 is divided by 119?
3
Calculate the remainder when 49 is divided by 20.
9
Calculate the remainder when 164 is divided by 97.
67
Calculate the remainder when 644 is divided by 57.
17
What is the remainder when 1113 is divided by 6?
3
Calculate the remainder when 1019 is divided by 15.
14
What is the remainder when 4139 is divided by 9?
8
Calculate the remainder when 1735 is divided by 15.
10
Calculate the remainder when 178 is divided by 20.
18
Calculate the remainder when 276 is divided by 57.
48
Calculate the remainder when 4074 is divided by 506.
26
Calculate the remainder when 186 is divided by 11.
10
What is the remainder when 309 is divided by 24?
21
What is the remainder when 3786 is divided by 9?
6
What is the remainder when 2284 is divided by 104?
100
Calculate the remainder when 193 is divided by 47.
5
Calculate the remainder when 183 is divided by 64.
55
What is the remainder when 140 is divided by 11?
8
Calculate the remainder when 604 is divided by 19.
15
Calculate the remainder when 194 is divided by 49.
47
What is the remainder when 73 is divided by 71?
2
Calculate the remainder when 246 is divided b